20 = -4*s. Suppose -3*p + 2102 + 156 = -2*l, 0 = -5*p + 4*l + s. What is the units digit of p?
6
Let x = -1903 - -905. What is the tens digit of (1/(3 + -2))/((-2)/x)?
9
Let x = -196 - 154. Let p be (-1)/2*(x + 8). Let v = p + -85. What is the units digit of v?
6
Suppose -9*f - 156 = -21*f. Suppose 10*k + 2*h = f*k - 1240, k = 5*h + 422. What is the tens digit of k?
1
What is the hundreds digit of -12*(-2)/144*(-8)/(-2)*3063?
0
Let g = -370 + 310. What is the units digit of 397 + g/(-45) + (-1)/3?
8
Suppose -52*w = -376969 - 621691. What is the ten thousands digit of w?
1
Let u = 17945 - 4000. What is the hundreds digit of u?
9
What is the thousands digit of (-14985)/90*400/(-15)?
4
Suppose -22*g + 61576 = -192062. What is the hundreds digit of g?
5
Let o be 5/15*(12 + 39). Suppose 6030 = o*p - 12*p. What is the thousands digit of p?
1
Let y = 11698 + -4720. What is the tens digit of y?
7
Suppose f - 11349 = -2*u, 2*u + 111*f - 108*f - 11339 = 0. What is the thousands digit of u?
5
Let w = 38544 + 11946. What is the tens digit of w?
9
Suppose 2596124 = 176*w - 3005634 - 1492802. What is the ten thousands digit of w?
4
Let p = -16065 + 29684. What is the units digit of p?
9
Suppose 4*w = a + 23 - 9, -5*a - w + 14 = 0. Let u be 9/6*a + -4 - -3. What is the units digit of u/(-10) + -44*18/(-60)?
3
Suppose -7*b - 2*w + 269595 = 0, 0 = -2*b + 3*b + 5*w - 38523. What is the ten thousands digit of b?
3
Let l(z) = -184*z - 3. Let t(m) = -270 - 265 + 184*m + 538. Let v(d) = 7*l(d) + 6*t(d). What is the tens digit of v(-1)?
8
Let m(j) = -4*j - 15. Let u be m(-12). Let v be (u/11)/(3/2). What is the tens digit of 2790/25 + v + (-2)/(-5)?
1
What is the thousands digit of ((-7)/84)/((-2)/(-30)) - (-70962)/8?
8
Suppose 5*c + 2282 = 7642. What is the hundreds digit of c?
0
Suppose k + 21435 = -4*o + 74968, -5*k - 40167 = -3*o. What is the units digit of o?
4
Suppose 3*i = 112 + 173. Let l = 260 - i. What is the units digit of l?
5
Let m be (10/15)/(1*(-4)/84). Let v(x) = 2*x**2 - 20*x - 18. What is the units digit of v(m)?
4
Suppose -2*n + 47678 = 5*j, -2*n - 2206 = -3*j + 26404. Suppose 6745 = 27*v - j. What is the tens digit of v?
0
Let w = -38140 - -77907. What is the ten thousands digit of w?
3
Let y = -99 + 92. Let p(i) = i**3 + 14*i**2 + 8. What is the units digit of p(y)?
1
Let b be (-4)/14 - (-1495)/161. Suppose 9 = -3*c + 3*f, 0 = -5*c - b*f + 6*f - 15. What is the hundreds digit of (-2)/(1 - c) + (-897)/(-6)?
1
Let i(b) = -5*b - 51. Let l be i(18). Let z = 35 - l. Suppose -148 = -3*s + z. What is the tens digit of s?
0
Suppose 87 = m + 4*y + 1368, y = 5. Let t = -923 - m. What is the hundreds digit of t?
3
Let i(s) = s**3 + 8*s**2 - 2*s - 8. Let d be i(-8). Suppose -1234 = -d*p + 846. Suppose 0*r + r = 3*j - p, 4*r = -5*j + 422. What is the tens digit of j?
8
Suppose 26*o - 611465 + 121904 = -133*o. What is the thousands digit of o?
3
Suppose -5*q + 20 = o, 5*o - 72 = -0*o + 3*q. Let z(i) = -o + 11*i - 2*i**3 + 5 + 19*i**2 + i**3 - 13*i**2. What is the tens digit of z(6)?
5
Let b = 22 - 24. Let o be b*(-22)/4*(-17)/(-1). Let t = -113 + o. What is the units digit of t?
4
Let p(b) = 145*b + 45. Suppose 13 = -3*l + 4*s + 38, 0 = -4*l - 2*s + 4. What is the tens digit of p(l)?
8
Let k = -86 + 83. Let w be (k - 7)/5 + -5. What is the units digit of w/(-21) - (-1221)/9?
6
Suppose -26*z + 1665 = -21*z. Let w = z - -331. What is the units digit of w?
4
Let s(b) = 8*b + 407. What is the tens digit of s(-48)?
2
Suppose 292*w - 1670807 = 2089569. What is the units digit of w?
8
Suppose -10*x - 41 = -4*f - 5*x, -3*x = -2*f + 21. Suppose 2*a + 4*p - 482 = 0, f*p = -5*a + 4*p + 1210. What is the tens digit of a?
4
What is the hundreds digit of (63/(-126)*(4 - -2))/((-3)/29882)?
8
Let t be 9/(-3)*1/(-6)*1514. Let m = 612 + t. Suppose -74 - m = -13*a. What is the tens digit of a?
1
Let g(u) = 8090*u - 633. What is the tens digit of g(4)?
2
What is the hundreds digit of -17 - (-27)/((-351)/(-132002))?
1
Let d(c) = c**3 - 13*c**2 + 36*c - 12. Let t be d(9). Let m be (152/3 - (-8)/t) + -3. Let l = 126 - m. What is the units digit of l?
9
Suppose -130*w + 816475 = -75*w. What is the units digit of w?
5
Suppose g - w = -9, 4*g + w - 3*w = -26. Let y(t) = 2*t**2 + 8*t + 4. Let m be y(g). Suppose 0 = -0*z + m*z - 256. What is the tens digit of z?
6
Suppose 0*f + 104*f = 1019264 + 745200. What is the ten thousands digit of f?
1
Suppose 5*b = 25, -3*u + 5*b = 25 + 24. What is the hundreds digit of ((-12)/u)/((-66)/(-8360))?
1
Suppose -6*n = 12 - 6. Let q be 18/1*(-4 - -4 - n). Suppose -8 = -2*r + q. What is the units digit of r?
3
Let r = -346 + 351. Suppose -a + r*g = a - 3546, 5*g + 1778 = a. What is the tens digit of a?
6
Let n(d) be the first derivative of -100*d**2 + 37*d + 120. What is the hundreds digit of n(-2)?
4
Let w = 1108 - 643. Suppose -5*x = 10, -l + 0*l - 4*x - 4 = 0. Suppose -z - l*z = -w. What is the units digit of z?
3
Let x(w) be the second derivative of w**4/4 - w**3/2 + 5*w**2/2 - 15*w. Let j be x(5). Let c = 188 - j. What is the units digit of c?
3
Suppose -5*a - 8*s = -36553 + 10389, 20950 = 4*a - 3*s. What is the thousands digit of a?
5
Let m = 57 - 85. Let f = m - -29. What is the tens digit of (f - (1 + -1))*37?
3
Let h(i) = 2*i**2 + 24*i - 283. What is the units digit of h(-68)?
3
Let k(b) be the third derivative of -1/3*b**3 - 1/30*b**5 - 1/12*b**4 + 0 - 12*b**2 + 0*b - 7/60*b**6. What is the hundreds digit of k(-2)?
1
Let f = -1530 + 1571. Suppose 5*i + 37 = 2*q, -34 - 11 = -5*q + 3*i. Suppose -q = 7*m - f. What is the units digit of m?
5
Let y = 72 - 80. Let a(v) = -11*v**3 + 26*v**2 + 6*v - 5. Let w(l) = -4*l**3 + 9*l**2 + 2*l - 2. Let d(i) = y*w(i) + 3*a(i). What is the units digit of d(3)?
4
Suppose 322*h - 330*h = -70179 - 1373. What is the thousands digit of h?
8
What is the ten thousands digit of 4403*5 - (-10)/(-170)*17?
2
Let y be 323/(-5) - 2/5. Suppose 55*h = -11*h + 35*h - 775. Let c = h - y. What is the units digit of c?
0
Suppose 150*m - 5606964 = -24*m - 24*m. What is the hundreds digit of m?
3
Suppose 0 = 7*v - 16*v + 27. Suppose 2*r = -v*r + 1600. What is the hundreds digit of r?
3
Suppose -2*v - 2 + 4 = -3*d, -3*d = 3*v - 18. Let i be (2/(-6))/(((-32)/264)/v). Suppose 4*k = i*k - 112. What is the units digit of k?
6
Let o be (12/2 - 1) + (-39)/13. Suppose 528 = 2*d - d + i, -3*d + o*i + 1564 = 0. Let m = d - 328. What is the hundreds digit of m?
1
Let c = 20 + -15. Suppose z = -10*i + c*i - 250, 1395 = -5*z + 4*i. Let w = 414 + z. What is the hundreds digit of w?
1
Suppose -3*m + 5 = -2*m. Let l be ((-1)/m - 16/20)*2. What is the units digit of 2*47 + (l + -1 - -2)?
3
Let d(q) = -q**3 + 11*q**2 - 13*q - 6. Let i be d(9). Let j = 56 - i. Let g = 10 + j. What is the tens digit of g?
2
Let g = 174 + -184. Let h(b) = -63*b - 25. What is the tens digit of h(g)?
0
Let h be (-4)/14 - 18/(-14). Let g(d) = 511*d**3 - d**2 - d + 2. What is the hundreds digit of g(h)?
5
Suppose 0 = 10*g - 3672 - 2148. Suppose 3*z = 3210 - g. What is the hundreds digit of z?
8
Let a be 2/4*60/10. Suppose a*x - 6 = -c, -c - 1 = 2*x - 6. What is the units digit of ((-51)/(-2)*18/27)/x?
7
Suppose 4*c = -c - 4*p - 78838, -c + 2*p = 15776. What is the units digit of (c/(-76))/((-1)/(-2))?
5
Suppose -4*g - 4*r + 272 = 0, -5*r + 56 = g - 8. Let q = g + 48. What is the units digit of q?
7
Suppose -4 = 2*j, 5*f - 13997 = -2*j + 22804. What is the units digit of f?
1
Let r(t) = -t**2 + 19*t + 32. Let j be r(21). What is the units digit of 3*7112/120 - 2/j?
8
Suppose 0 = -151*s + 133*s + 82062. What is the tens digit of s?
5
Suppose -12113951 - 12917797 = -674*a + 86*a. What is the hundreds digit of a?
5
Let z(s) be the first derivative of s**2 - 43*s + 31. Let y(r) = 5*r - 87. Let u(f) = 3*y(f) - 5*z(f). What is the units digit of u(23)?
9
Suppose 39*h + 5388900 = 204*h. What is the units digit of h?
0
Let g(z) = 3*z + 85. Let r be g(-27). Suppose -12 = r*c, 273 = 3*w + 13*c - 10*c. What is the units digit of w?
4
Suppose 0 = 43*p - 231 + 16. Let j = -5 + 8. Suppose -p*d = -20, j*d + 130 + 448 = 5*o. What is the tens digit of o?
1
Let w(j) = 15*j**3 + 5*j - 12. Let i = -54 + 47. Let b be w(i). What is the tens digit of 3/(-7) - b/28?
8
Let h(d) = d**2 + 10*d 